 8483267?
13
What is the greatest common factor of 7947 and 1188566565?
2649
What is the highest common divisor of 6286 and 6594?
14
Calculate the highest common factor of 1107494 and 6.
2
Calculate the highest common factor of 135 and 6289515.
135
What is the greatest common factor of 131584 and 56026?
514
Calculate the greatest common factor of 30 and 11823255.
15
Calculate the highest common divisor of 1663 and 2972757181.
1663
What is the greatest common divisor of 93235 and 10817?
29
What is the highest common divisor of 17790 and 30378204?
3558
Calculate the greatest common factor of 2043 and 6835424.
227
What is the greatest common divisor of 2664648 and 9387?
63
Calculate the greatest common factor of 897 and 83697.
69
What is the greatest common factor of 4194 and 26118?
18
Calculate the greatest common factor of 8 and 114427400.
8
What is the highest common divisor of 906 and 7717912?
302
What is the greatest common divisor of 112081646 and 7106?
646
What is the highest common factor of 665766356 and 2892?
964
Calculate the highest common divisor of 2437637 and 6.
1
What is the greatest common factor of 1110 and 84399405?
555
What is the greatest common divisor of 203722248 and 1272?
1272
Calculate the greatest common divisor of 28812 and 2664228.
588
Calculate the greatest common factor of 36465 and 156057.
33
What is the highest common factor of 804588388 and 996?
332
Calculate the highest common divisor of 344128864 and 6558.
2186
Calculate the highest common factor of 3 and 311021.
1
Calculate the highest common divisor of 559 and 10150967.
43
What is the highest common divisor of 158055 and 716259?
771
Calculate the greatest common factor of 39432 and 187832.
424
What is the highest common factor of 9130438 and 1179?
131
Calculate the greatest common divisor of 25758 and 3256362.
162
What is the highest common factor of 36 and 51202608?
12
What is the highest common divisor of 7188 and 32628?
12
What is the highest common divisor of 13360799 and 964?
241
Calculate the highest common factor of 596590 and 10.
10
Calculate the greatest common factor of 78688843 and 694.
347
What is the highest common factor of 641 and 14270583?
641
Calculate the greatest common factor of 185732394 and 215.
43
What is the greatest common factor of 66182384 and 19856?
1168
What is the greatest common divisor of 5461 and 1241281?
43
What is the highest common divisor of 19 and 2131059209?
19
Calculate the highest common divisor of 978712 and 504.
56
What is the greatest common divisor of 543360 and 1590?
30
Calculate the greatest common factor of 13724968 and 24.
8
What is the highest common factor of 686730 and 8580?
330
What is the greatest common divisor of 5854402 and 33638?
278
Calculate the highest common factor of 477084048 and 336.
336
What is the highest common factor of 40896 and 434662?
142
Calculate the greatest common factor of 4382400 and 528.
528
Calculate the highest common factor of 74 and 50476399.
37
What is the highest common divisor of 3148695 and 90?
45
Calculate the highest common divisor of 490 and 1478918.
98
Calculate the greatest common factor of 137983017 and 3.
3
What is the highest common factor of 2100 and 822?
6
What is the highest common factor of 3033 and 477096966?
3033
What is the highest common divisor of 19811 and 38797?
11
Calculate the greatest common divisor of 42649 and 17.
1
Calculate the greatest common divisor of 515680 and 11000.
440
What is the highest common divisor of 948 and 4547?
1
What is the greatest common divisor of 15122679 and 231?
33
Calculate the highest common factor of 71677 and 315504.
313
Calculate the highest common divisor of 1294 and 16877642.
1294
What is the highest common divisor of 1243201531 and 4213?
4213
Calculate the highest common divisor of 97161 and 31553.
139
Calculate the highest common divisor of 2 and 2076293.
1
Calculate the highest common factor of 5845333 and 26.
13
What is the greatest common factor of 6350571 and 34?
17
Calculate the greatest common factor of 7 and 285129306.
7
Calculate the highest common factor of 81046514 and 14497.
2071
What is the highest common divisor of 68098 and 36814?
158
Calculate the highest common factor of 1058 and 18015026.
46
What is the highest common factor of 10668247 and 4588?
1147
Calculate the highest common divisor of 17103 and 306850624.
5701
What is the greatest common divisor of 242007 and 2?
1
Calculate the greatest common divisor of 2202140 and 13390.
1030
Calculate the highest common factor of 100025 and 20941234.
4001
Calculate the greatest common factor of 5253382 and 18.
2
Calculate the highest common factor of 1392204 and 18073.
583
Calculate the greatest common factor of 8660459 and 202919.
1549
Calculate the highest common divisor of 881252265 and 15.
15
Calculate the highest common divisor of 56 and 547248.
8
Calculate the greatest common factor of 1349 and 2223649.
71
Calculate the greatest common divisor of 31689905 and 620.
155
What is the greatest common factor of 144 and 560412?
36
Calculate the greatest common factor of 4849 and 346144.
373
What is the greatest common divisor of 600 and 7704?
24
What is the highest common factor of 14383 and 46873?
19
What is the highest common factor of 5318090 and 3938?
358
Calculate the greatest common factor of 46 and 41346722.
2
What is the greatest common factor of 765105 and 2805?
165
What is the highest common factor of 319975312 and 4?
4
Calculate the highest common factor of 60950 and 1394854.
106
What is the greatest common divisor of 13 and 2524496949?
13
What is the greatest common factor of 555950 and 25?
25
Calculate the highest common factor of 4293311 and 205117.
7073
What is the highest common divisor of 90 and 119565198?
18
What is the highest common factor of 2390406 and 21942?
318
Calculate the greatest common divisor of 16540368 and 2535.
507
Calculate the highest common divisor of 3145 and 11989930.
85
What is the greatest common factor of 905317 and 29715?
1981
What is the greatest common factor of 29826306 and 4546?
4546
Calculate the highest common divisor of 2220 and 134040.
60
Calculate the highest common divisor of 9958 and 7777964.
766
Calculate the highest common divisor of 8568 and 68410692.
252
What is the greatest common divisor of 91650 and 35532?
282
Calculate the highest common factor of 564161 and 11141.
13
Calculate the greatest common divisor of 168 and 2520693.
21
Calculate the greatest common factor of 142430254 and 2678.
206
Calculate the highest common divisor of 9 and 742761.
9
What is the greatest common divisor of 2366 and 408847166?
2366
Calculate the greatest common divisor of 24449 and 436770.
23
Calculate the greatest common divisor of 1882738 and 11935066.
8294
Calculate the highest common divisor of 3059 and 23661764.
133
What is the highest common divisor of 1420900 and 25900?
100
Calculate the greatest common divisor of 42274 and 43838.
46
Calculate the highest common divisor of 196 and 284389336.
196
What is the highest common divisor of 18912 and 22792?
8
Calculate the highest common divisor of 89348 and 252.
28
What is the greatest common divisor of 196588 and 7316?
236
Calculate the greatest common factor of 146000742 and 1554.
222
Calculate the greatest common factor of 1276989 and 193452.
1029
Calculate the highest common factor of 343 and 46014087.
49
Calculate the highest common factor of 26452 and 152449489.
6613
What is the greatest common factor of 25956313 and 16648?
2081
Calculate the highest common factor of 212499829 and 1587.
529
Calculate the greatest common divisor of 3148763 and 31.
31
Calculate the highest common factor of 984 and 94075853.
41
What is the greatest common factor of 29777 and 265870?
11
Calculate the greatest common divisor of 21904 and 4445143.
1369
What is the highest common factor of 2015247 and 702?
39
Calculate the greatest common factor of 338516295 and 2535.
2535
What is the greatest common divisor of 3200 and 3388608?
64
What is the greatest common divisor of 1436 and 7453558?
718
Calculate the highest common factor of 58751072 and 40.
8
What is the highest common factor of 144297400 and 13110?
4370
What is the greatest common factor of 18190087 and 171?
19
Calculate the hig